 number?
False
Is 6163 a composite number?
False
Is 15607 composite?
False
Is 103769 composite?
False
Is 869039 composite?
False
Is 534043 composite?
False
Is 8885 composite?
True
Is 239521 a composite number?
False
Is 47431 composite?
False
Is 3787 prime?
False
Is 2053 prime?
True
Is 2999 prime?
True
Is 8663 prime?
True
Is 16411 composite?
False
Is 705773 a prime number?
False
Is 270791 a prime number?
True
Is 100669 prime?
True
Is 28058 prime?
False
Is 83717 a prime number?
True
Is 78413 prime?
False
Is 26393 prime?
True
Is 15929 a composite number?
True
Is 196319 a prime number?
False
Is 35491 a composite number?
False
Is 82437 prime?
False
Is 4327 a composite number?
False
Is 203 a composite number?
True
Is 23189 a prime number?
True
Is 18859 composite?
False
Is 1530745 a composite number?
True
Is 14939 a prime number?
True
Is 31307 a composite number?
False
Is 2459 a composite number?
False
Is 48239 composite?
False
Is 2411 prime?
True
Is 260747 a composite number?
False
Is 168391 a composite number?
False
Is 456619 a composite number?
True
Is 19531 a prime number?
True
Is 661541 a composite number?
False
Is 1367 composite?
False
Is 4421 a composite number?
False
Is 836609 composite?
False
Is 12571 a prime number?
False
Is 18899 prime?
True
Is 36623 composite?
True
Is 18839 a prime number?
True
Is 953 a composite number?
False
Is 2257 prime?
False
Is 34667 a composite number?
False
Is 5261 a composite number?
False
Is 1277 a composite number?
False
Is 80513 prime?
True
Is 223679 a prime number?
True
Is 12229 prime?
False
Is 19303 composite?
True
Is 595801 a composite number?
False
Is 748549 a composite number?
True
Is 2237 a composite number?
False
Is 54953 a prime number?
False
Is 3163 composite?
False
Is 7349 a composite number?
False
Is 267382 a composite number?
True
Is 147215 a composite number?
True
Is 171113 a composite number?
True
Is 225061 a composite number?
False
Is 132589 composite?
False
Is 1731283 prime?
False
Is 8143 a prime number?
False
Is 40954 prime?
False
Is 17707 prime?
True
Is 9587 prime?
True
Is 4909 prime?
True
Is 149651 prime?
False
Is 91705 a composite number?
True
Is 6737 prime?
True
Is 490363 a prime number?
False
Is 3371 composite?
False
Is 20329 composite?
True
Is 9199 a composite number?
False
Is 1044314 a composite number?
True
Is 631339 composite?
False
Is 427 prime?
False
Is 49079 a prime number?
False
Is 606899 prime?
True
Is 1032601 composite?
False
Is 1219 prime?
False
Is 31637 prime?
False
Is 8741 prime?
True
Is 48647 a prime number?
True
Is 235483 a composite number?
False
Is 74069 a composite number?
True
Is 3191 prime?
True
Is 25581 a prime number?
False
Is 540497 prime?
False
Is 129923 prime?
False
Is 1339 a prime number?
False
Is 13291 a composite number?
False
Is 24437 a composite number?
True
Is 42095 a composite number?
True
Is 38299 composite?
False
Is 673 prime?
True
Is 18449 composite?
True
Is 137339 a prime number?
True
Is 64997 a prime number?
True
Is 1003879 composite?
False
Is 500567 composite?
False
Is 421783 composite?
False
Is 16357 a composite number?
True
Is 8039 a composite number?
False
Is 32083 a prime number?
True
Is 1711 a composite number?
True
Is 1484729 prime?
False
Is 1617181 a prime number?
False
Is 42215 composite?
True
Is 85193 prime?
True
Is 12473 a composite number?
False
Is 56489 a prime number?
True
Is 252559 prime?
True
Is 26959 prime?
True
Is 673483 composite?
True
Is 1823 prime?
True
Is 271673 prime?
False
Is 9287 prime?
False
Is 14974 composite?
True
Is 99557 a composite number?
True
Is 712457 prime?
False
Is 661357 a prime number?
False
Is 5937 a prime number?
False
Is 75657 a composite number?
True
Is 9523 a composite number?
True
Is 1814 a prime number?
False
Is 435077 a prime number?
False
Is 110843 prime?
False
Is 1693 prime?
True
Is 3821 prime?
True
Is 216371 a composite number?
False
Is 43211 prime?
False
Is 64919 a prime number?
True
Is 8299 a composite number?
True
Is 38891 prime?
True
Is 405329 composite?
True
Is 683489 prime?
True
Is 13367 prime?
True
Is 111029 a prime number?
True
Is 381895 composite?
True
Is 625027 a prime number?
False
Is 704549 a prime number?
True
Is 7789 prime?
True
Is 24223 a prime number?
True
Is 8117 prime?
True
Is 53161 prime?
True
Is 76385 a prime number?
False
Is 2999 a prime number?
True
Is 327553 a composite number?
False
Is 378707 prime?
False
Is 464197 a prime number?
True
Is 5623 composite?
False
Is 1217 a prime number?
True
Is 673 composite?
False
Is 606449 a composite number?
False
Is 14621 a composite number?
False
Is 1109 a composite number?
False
Is 9119 prime?
False
Is 3761 a prime number?
True
Is 395 prime?
False
Is 207743 prime?
True
Is 89113 composite?
False
Is 1127717 composite?
True
Is 22837 prime?
False
Is 11279 a prime number?
True
Is 1152319 composite?
True
Is 191717 a composite number?
False
Is 3546833 composite?
False
Is 45313 a composite number?
True
Is 4469 prime?
False
Is 1237 a prime number?
True
Is 71387 a prime number?
True
Is 23755 a prime number?
False
Is 69779 prime?
True
Is 6839 a composite number?
True
Is 1211 composite?
True
Is 23849 prime?
False
Is 831769 prime?
True
Is 32174 a prime number?
False
Is 112453 a composite number?
True
Is 52807 prime?
True
Is 33421 a prime number?
False
Is 26597 a prime number?
True
Is 24499 prime?
True
Is 797 a composite number?
False
Is 209005 a prime number?
False
Is 36415 a composite number?
True
Is 4441 prime?
True
Is 290629 a composite number?
True
Is 546317 composite?
False
Is 233441 a prime number?
False
Is 41491 a prime number?
True
Is 18077 prime?
True
Is 52147 prime?
True
Is 56915 a composite number?
True
Is 60859 a composite number?
False
Is 971041 a composite number?
True
Is 1460183 a composite number?
True
Is 844313 a prime number?
False
Is 4498367 prime?
True
Is 735235 a prime number?
False
Is 55439 a composite number?
False
Is 90173 composite?
False
Is 2558503 a prime number?
True
Is 18035 composite?
True
Is 71234 a prime number?
False
Is 1086089 composite?
False
Is 9961 a prime number?
False
Is 13521 prime?
False
Is 128593 composite?
True
Is 1937 prime?
False
Is 119881 a composite number?
False
Is 103331 composite?
True
Is 35831 a composite number?
False
Is 475981 a prime number?
False
Is 133687 a composite number?
True
Is 450113 composite?
False
Is 8173 a composite number?
True
Is 38431 a prime number?
True
Is 202813 composite?
True
Is 5059 a composite number?
False
Is 27191 a composite number?
False
Is 34981 a prime number?
True
Is 2908351 composite?
True
Is 26309 a composite number?
False
Is 811457 prime?
True
Is 4073 composite?
False
Is 66221 a composite number?
False
Is 133597 a composite number?
False
Is 3385 a composite number?
True
Is 13211 a prime number?
False
Is 479771 a prime number?
True
Is 63185 composite?
True
Is 94859 a prime number?
False
Is 275897 prime?
True
Is 2521 a prime number?
True
Is 11185 composite?
True
Is 3196265 composite?
True
Is 1782371 a composite number?
True
Is 478519 composite?
True
Is 30541 prime?
False
Is 46807 prime?
True
Is 184133 a composite number?
False
Is 95903 a prime number?
False
Is 42062 composite?
True
Is 291383 composite?
True
Is 136447 a composite number?
False
Is 64361 prime?
False
Is 46549 composite?
False
Is 7817 a composite number?
False
Is 86161 composite?
False
Is 1376693 a composite number?
False
Is 7499 composite?
False
Is 22163 a prime number?
False
Is 551107 composite?
False
Is 2761 prime?
False
Is 2053 a prime number?
True
Is 5381 composite?
False
Is 2549557 composite?
False
Is 52573 prime?
False
Is 9663 a prime number?
False
Is 33679 prime?
True
Is 15427 a prime number?
True
Is 168229 composite?
True
Is 4271 composite?
False
Is 5953 a composite number?
False
Is 26551 prime?
False
Is 8117 prime?
True
Is 212987 composite?
False
Is 39433 prime?
False
Is 98407 a composite number?
False
Is 235043 prime?
True
Is 291077 composite?
False
Is 17021 prime?
True
Is 91493 a composite number?
False
Is 6521 composite?
False
Is 90469 a prime number?
True
Is 36119 composite?
True
Is 206869 composite?
True
Is 3499 composite?
False
Is 2927 a prime number?
True
Is 783899 a prime number?
False
Is 95827 a composite number?
True
Is 4307 prime?
False
Is 907 a prime number?
True
Is 96259 composite?
Fa